{"id":696,"date":"2018-04-26T13:28:58","date_gmt":"2018-04-26T11:28:58","guid":{"rendered":"https:\/\/sba-engineering.at\/?page_id=696"},"modified":"2025-12-16T09:38:40","modified_gmt":"2025-12-16T07:38:40","slug":"impressum-en","status":"publish","type":"page","link":"https:\/\/www.sba-engineering.at\/?page_id=696&lang=en","title":{"rendered":"Impressum"},"content":{"rendered":"<p>Impressum:<\/p>\n<h4>SBA Engineering GmbH<\/h4>\n<p>Vorderbruck 213<br \/>\n2770 Gutenstein<\/p>\n<p><i class=\"icon-email\" style=\"\"><\/i> office@sba-engineering.at<br \/>\n<i class=\"icon-phone\" style=\"\"><\/i> +43 676 897021-611<\/p>\n<table>\n<tbody>\n<tr>\n<td><b>Firmenbuchnummer<b><\/b><\/b><\/td>\n<td>329463f<\/td>\n<\/tr>\n<tr>\n<td><b>Gerichtstand<\/b><\/td>\n<td>Wiener Neustadt<\/td>\n<\/tr>\n<tr>\n<td><b>UID<\/b><\/td>\n<td>ATU 65023618<\/td>\n<\/tr>\n<tr>\n<td><b>Kammerzugeh\u00f6rigkeit<\/b><\/td>\n<td>Wirtschaftskammer Nieder\u00f6sterreich<br \/>\nMitgliedNummer 288264<\/td>\n<\/tr>\n<tr>\n<td><b>Gewerbliche Vorschriften<\/b><\/td>\n<td>Gewerbeordnung \u2013 GewO in der geltenden Fassung<\/td>\n<\/tr>\n<tr>\n<td><b>Unternehmensgegenstand<\/b><\/td>\n<td>Elektrotechnischer Anlagen- und Steuerungsbau<\/td>\n<\/tr>\n<\/tbody>\n<\/table>\n<p>Copyright: <b>SBA Engineering GmbH<\/b> \u00fcbernimmt keine Haftung f\u00fcr Vollst\u00e4ndigkeit, Richtigkeit und Aktualit\u00e4t der auf dieser Web Site bereitgestellten Informationen, sowie deren Nichtverf\u00fcgbarkeit. Es k\u00f6nnen ohne vorherige Ank\u00fcndigung, \u00c4nderungen oder Erg\u00e4nzungen der bereitgestellten Informationen vorgenommen werden.<\/p>\n<p>F\u00fcr externe Inhalte, auf die direkt (mittels Link) oder indirekt von dieser Web Site verwiesen wird, ist SBA Engineering GmbH nicht verantwortlich und \u00fcbernimmt diesbez\u00fcglich auch keine Haftung.<\/p>\n<p>Auf keinen Fall haftet SBA Engineering GmbH f\u00fcr konkrete, mittelbare und unmittelbare Sch\u00e4den die durch fehlende Nutzungsm\u00f6glichkeiten, Datenverluste &#8211; sei es aufgrund der Nichteinhaltung vertraglicher Verpflichtungen, durch Fahrl\u00e4ssigkeit oder eine andere unerlaubte Handlung &#8211; im Zusammenhang mit der Nutzung von Dokumenten oder Informationen bzw. der Erbringung von Dienstleistungen entstehen, die auf dieser Web Site zug\u00e4nglich sind.<\/p>\n<p>Der Inhalt und die Struktur der Web Site ist urheberrechtlich gesch\u00fctzt.<\/p>\n<p>Die Informationen sind nur f\u00fcr die pers\u00f6nliche Verwendung bestimmt. Die Nutzung erfolgt auf eigenes Risiko. Jede dar\u00fcber hinausgehende Verwertung, insbesondere Vervielf\u00e4ltigung, Verbreitung, Bearbeitung, \u00f6ffentliche Wiedergabe ist unzul\u00e4ssig und stellt eine Verletzung des Urhebergesetzes dar, der zu strafrechtlichen Konsequenzen und Schadensersatzanspr\u00fcchen f\u00fchrt. Stellt der Kunde Beitr\u00e4ge \u00fcber diese Web Site zur Verf\u00fcgung, so hat dieser zu gew\u00e4hrleisten, dass keine Rechte Dritter verletzt werden und im Einklang mit den gesetzlichen Bestimmungen stehen.<\/p>\n<p>SBA Engineering GmbH beh\u00e4lt sich das Recht vor, obsz\u00f6ne, rassistische, verleumderische, diffamierende, rechtswidrige, gegen die \u00f6ffentliche Ordnung, Sicherheit oder Sittlichkeit versto\u00dfende Beitr\u00e4ge zu l\u00f6schen bzw. zu sperren.<\/p>\n<p>Cookies:<\/p>\n<h3>Einsatz von Cookies<\/h3>\n<p>Auf unserer Internetseite werden Cookies verwendet. Cookies sind kleine Textdateien, die auf dem Ger\u00e4t platziert werden, und einen Benutzer bei erneuter Nutzung der Seite wiedererkennen. Wir verwenden Cookies, um unsere Angebote an Ihre Bed\u00fcrfnisse anzupassen, Ihnen die Nutzung unserer Services zu erleichtern, und zu analysieren, wie unsere Dienste arbeiten und verwendet werden. Sie k\u00f6nnen in Ihrem Browser Einstellungen vornehmen, um die Verwendung von Cookies zu steuern, zum Beispiel dass vor der Verwendung eines Cookies Ihre Einwilligung eingeholt werden muss, oder Cookies generell blockiert werden. Unsere Services funktionieren aber nur dann ordnungsgem\u00e4\u00df, wenn die Verwendung von Cookies nicht deaktiviert wurde.<\/p>\n<h3>Google Analytics<\/h3>\n<p>Diese Website benutzt Google Analytics, einen Webanalysedienst der Google Inc. (\u201eGoogle\u201c). Google Analytics verwendet sog. \u201eCookies\u201c, Textdateien, die auf Ihrem Computer gespeichert werden und die eine Analyse der Benutzung der Website durch Sie erm\u00f6glichen. Die durch den Cookie erzeugten Informationen \u00fcber Ihre Benutzung dieser Website werden in der Regel an einen Server von Google in den USA \u00fcbertragen und dort gespeichert. Im Falle der Aktivierung der IP-Anonymisierung auf dieser Webseite, wird Ihre IP-Adresse von Google jedoch innerhalb von Mitgliedstaaten der Europ\u00e4ischen Union oder in anderen Vertragsstaaten des Abkommens \u00fcber den Europ\u00e4ischen Wirtschaftsraum zuvor gek\u00fcrzt. Nur in Ausnahmef\u00e4llen wird die volle IP-Adresse an einen Server von Google in den USA \u00fcbertragen und dort gek\u00fcrzt. Im Auftrag des Betreibers dieser Website wird Google diese Informationen benutzen, um Ihre Nutzung der Website auszuwerten, um Reports \u00fcber die Websiteaktivit\u00e4ten zusammenzustellen und um weitere mit der Websitenutzung und der Internetnutzung verbundene Dienstleistungen gegen\u00fcber dem Websitebetreiber zu erbringen. Die im Rahmen von Google Analytics von Ihrem Browser \u00fcbermittelte IP-Adresse wird nicht mit anderen Daten von Google zusammengef\u00fchrt. Sie k\u00f6nnen die Speicherung der Cookies durch eine entsprechende Einstellung Ihrer Browser-Software verhindern; wir weisen Sie jedoch darauf hin, dass Sie in diesem Fall gegebenenfalls nicht s\u00e4mtliche Funktionen dieser Website vollumf\u00e4nglich werden nutzen k\u00f6nnen. Sie k\u00f6nnen dar\u00fcber hinaus die Erfassung der durch das Cookie erzeugten und auf Ihre Nutzung der Website bezogenen Daten (inkl. Ihrer IP-Adresse) an Google sowie die Verarbeitung dieser Daten durch Google verhindern, indem sie das unter dem folgenden Link verf\u00fcgbare Browser-Plugin herunterladen und installieren. Gibt es keine Add-on Unterst\u00fctzung f\u00fcr Ihren Browser k\u00f6nnen Sie ein Cookie setzen um das Tracking zu unterbinden.<\/p>\n<p>Diese Website nutzt die Analytics Funktionen f\u00fcr Remarketing, Berichte zu Impressionen im Google Display-Netzwerk, Integration von DoubleClick Campaign Manager, Google Analytics-Berichte zur Leistung nach demografischen Merkmalen und Interessen. Sie k\u00f6nnen Google Analytics f\u00fcr Display-Werbung deaktivieren und die Anzeigen im Google Display Netzwerk anpassen, indem Sie die Anzeigeneinstellungen aufrufen.<\/p>\n<p>centered<\/p>\n","protected":false},"excerpt":{"rendered":"<p>Impressum: SBA Engineering GmbH Vorderbruck 213 2770 Gutenstein office@sba-engineering.at +43 676 897021-611 Firmenbuchnummer 329463f Gerichtstand Wiener Neustadt UID ATU 65023618 Kammerzugeh\u00f6rigkeit Wirtschaftskammer Nieder\u00f6sterreich MitgliedNummer 288264 Gewerbliche<span class=\"excerpt-hellip\"> [\u2026]<\/span><\/p>\n","protected":false},"author":1,"featured_media":0,"parent":0,"menu_order":0,"comment_status":"closed","ping_status":"closed","template":"","meta":{"footnotes":""},"class_list":["post-696","page","type-page","status-publish","hentry"],"_links":{"self":[{"href":"https:\/\/www.sba-engineering.at\/index.php?rest_route=\/wp\/v2\/pages\/696","targetHints":{"allow":["GET"]}}],"collection":[{"href":"https:\/\/www.sba-engineering.at\/index.php?rest_route=\/wp\/v2\/pages"}],"about":[{"href":"https:\/\/www.sba-engineering.at\/index.php?rest_route=\/wp\/v2\/types\/page"}],"author":[{"embeddable":true,"href":"https:\/\/www.sba-engineering.at\/index.php?rest_route=\/wp\/v2\/users\/1"}],"replies":[{"embeddable":true,"href":"https:\/\/www.sba-engineering.at\/index.php?rest_route=%2Fwp%2Fv2%2Fcomments&post=696"}],"version-history":[{"count":6,"href":"https:\/\/www.sba-engineering.at\/index.php?rest_route=\/wp\/v2\/pages\/696\/revisions"}],"predecessor-version":[{"id":2421,"href":"https:\/\/www.sba-engineering.at\/index.php?rest_route=\/wp\/v2\/pages\/696\/revisions\/2421"}],"wp:attachment":[{"href":"https:\/\/www.sba-engineering.at\/index.php?rest_route=%2Fwp%2Fv2%2Fmedia&parent=696"}],"curies":[{"name":"wp","href":"https:\/\/api.w.org\/{rel}","templated":true}]}}